991
List the prime factors of 630836.
2, 17, 9277
List the prime factors of 134673.
3, 7, 11, 53
List the prime factors of 367673.
367673
What are the prime factors of 1484711?
761, 1951
What are the prime factors of 71056?
2, 4441
What are the prime factors of 291769?
29, 10061
What are the prime factors of 2172713?
41, 197, 269
List the prime factors of 640061.
640061
List the prime factors of 6776682.
2, 3, 11, 102677
What are the prime factors of 2972021?
13, 228617
List the prime factors of 1491510.
2, 3, 5, 83, 599
List the prime factors of 2750216.
2, 7, 67, 733
List the prime factors of 120865.
5, 23, 1051
What are the prime factors of 452922?
2, 3, 19, 29, 137
List the prime factors of 24711838.
2, 12355919
What are the prime factors of 146933?
146933
List the prime factors of 7088794.
2, 499, 7103
What are the prime factors of 393480?
2, 3, 5, 1093
What are the prime factors of 5015868?
2, 3, 11, 13, 37, 79
What are the prime factors of 6634252?
2, 311, 5333
List the prime factors of 11907411.
3, 3969137
What are the prime factors of 1303045?
5, 260609
List the prime factors of 8631450.
2, 3, 5, 19181
What are the prime factors of 2220636?
2, 3, 11, 16823
What are the prime factors of 27730?
2, 5, 47, 59
What are the prime factors of 3882332?
2, 970583
What are the prime factors of 201514?
2, 19, 5303
What are the prime factors of 3549722?
2, 11, 47, 3433
What are the prime factors of 1925312?
2, 67, 449
List the prime factors of 10447228.
2, 11, 283, 839
List the prime factors of 89396.
2, 22349
What are the prime factors of 6327890?
2, 5, 211, 2999
What are the prime factors of 6560?
2, 5, 41
What are the prime factors of 6719790?
2, 3, 5, 7, 11, 2909
List the prime factors of 703724.
2, 7, 41, 613
List the prime factors of 152196.
2, 3, 11, 1153
What are the prime factors of 14217031?
14217031
What are the prime factors of 190121?
190121
What are the prime factors of 1727541?
3, 109, 587
List the prime factors of 15182141.
13, 79, 14783
What are the prime factors of 2803246?
2, 1401623
List the prime factors of 4620868.
2, 7, 79, 2089
What are the prime factors of 6613533?
3, 734837
List the prime factors of 15137809.
1951, 7759
List the prime factors of 345624.
2, 3, 14401
List the prime factors of 1973472.
2, 3, 61, 337
List the prime factors of 1162906.
2, 173, 3361
What are the prime factors of 17260717?
911, 18947
List the prime factors of 6126440.
2, 5, 103, 1487
What are the prime factors of 5717662?
2, 23, 124297
List the prime factors of 4741.
11, 431
What are the prime factors of 1216754?
2, 7, 11, 7901
What are the prime factors of 133049?
7, 83, 229
What are the prime factors of 22536962?
2, 7, 41, 71, 79
What are the prime factors of 1944490?
2, 5, 337, 577
What are the prime factors of 301462?
2, 7, 61, 353
List the prime factors of 1192354.
2, 193, 3089
List the prime factors of 1586827.
11, 181, 797
What are the prime factors of 85048?
2, 10631
List the prime factors of 11706544.
2, 59, 12401
What are the prime factors of 12559354?
2, 37, 43, 3947
List the prime factors of 4906568.
2, 29, 21149
What are the prime factors of 1009027?
37, 27271
What are the prime factors of 277841?
109, 2549
List the prime factors of 178700.
2, 5, 1787
List the prime factors of 20890967.
337, 61991
List the prime factors of 419296.
2, 13103
What are the prime factors of 13359216?
2, 3, 13, 79, 271
What are the prime factors of 422907?
3, 29, 4861
List the prime factors of 1091308.
2, 109, 2503
What are the prime factors of 1198657?
29, 41333
What are the prime factors of 361893?
3, 7, 19, 907
List the prime factors of 6384532.
2, 7, 11, 19, 1091
What are the prime factors of 755945?
5, 151189
What are the prime factors of 11872265?
5, 53, 71, 631
What are the prime factors of 19838445?
3, 5, 11, 120233
List the prime factors of 118502.
2, 193, 307
List the prime factors of 12657154.
2, 19, 397, 839
List the prime factors of 3760732.
2, 940183
List the prime factors of 772809.
3, 41, 61, 103
What are the prime factors of 7685268?
2, 3, 61, 10499
List the prime factors of 214266.
2, 3, 13, 41, 67
What are the prime factors of 122217?
3, 40739
List the prime factors of 1806226.
2, 59, 15307
List the prime factors of 11820751.
41, 229, 1259
What are the prime factors of 353369?
31, 11399
What are the prime factors of 194285?
5, 7, 13, 61
What are the prime factors of 467135?
5, 93427
List the prime factors of 1555197.
3, 7, 103, 719
What are the prime factors of 208025?
5, 53, 157
List the prime factors of 9400080.
2, 3, 5, 53, 739
List the prime factors of 1218216.
2, 3, 193, 263
What are the prime factors of 2326584?
2, 3, 13, 7457
List the prime factors of 997598.
2, 7, 71257
What are the prime factors of 25873283?
25873283
List the prime factors of 27840065.
5, 11, 506183
List the prime factors of 12237972.
2, 3, 37, 43, 641
What are the prime factors of 2797851?
3, 7, 2719
List the prime factors of 875441.
7, 125063
What are the prime factors of 983749?
13, 5821
List the prime factors of 2143730.
2, 5, 214373
What are the prime factors of 181519?
13, 13963
List the prime factors of 2397258.
2, 3, 97, 1373
What are the prime factors of 57976?
2, 7247
What are the prime factors of 183348?
2, 3, 11, 463
What are the prime factors of 490470?
2, 3, 5, 16349
List the prime factors of 110245.
5, 17, 1297
What are the prime factors of 384413?
47, 8179
List the prime factors of 8578718.
2, 59, 72701
List the prime factors of 3857913.
3, 428657
What are the prime factors of 956847?
3, 318949
What are the prime factors of 2770765?
5, 107, 5179
List the prime factors of 11633184.
2, 3, 31, 1303
List the prime factors of 12559881.
3, 659, 6353
What are the prime factors of 1278105?
3, 5, 139, 613
What are the prime factors of 67962?
2, 3, 47, 241
List the prime factors of 572624.
2, 13, 2753
What are the prime factors of 1374769?
11, 124979
List the prime factors of 4727122.
2, 17, 139033
List the prime factors of 399697.
151, 2647
List the prime factors of 318763.
19, 883
What are the prime factors of 132931?
307, 433
List the prime factors of 4631582.
2, 17, 136223
What are the prime factors of 178304?
2, 7, 199
List the prime factors of 400601.
400601
List the prime factors of 65997.
3, 7333
List the prime factors of 9987176.
2, 967, 1291
What are the prime factors of 73999?
73999
List the prime factors of 2833360.
2, 5, 107, 331
List the prime factors of 915652.
2, 228913
List the prime factors of 414873.
3, 31, 1487
What are the prime factors of 26127661?
7, 37, 281, 359
List the prime factors of 92053.
13, 73, 97
List the prime factors of 323876.
2, 7, 43, 269
What are the prime factors of 2302594?
2, 7, 164471
List the prime factors of 402901.
617, 653
List the prime factors of 1365060.
2, 3, 5, 22751
What are the prime factors of 233438?
2, 116719
What are the prime factors of 12635511?
3, 7, 97, 6203
List the prime factors of 19301201.
41, 59, 79, 101
List the prime factors of 2034096.
2, 3, 31, 1367
List the prime factors of 13162049.
23, 139, 179
List the prime factors of 711823.
7, 73, 199
List the prime factors of 307575.
3, 5, 1367
List the prime factors of 458185.
5, 7, 13, 19, 53
What are the prime factors of 392814?
2, 3, 139, 157
What are the prime factors of 1937063?
1937063
What are the prime factors of 4677630?
2, 3, 5, 155921
What are the prime factors of 2738639?
2738639
What are the prime factors of 18603893?
7, 11, 307, 787
What are the prime factors of 4386643?
73, 60091
What are the prime factors of 1014064?
2, 61, 1039
What are the prime factors of 646736?
2, 83, 487
List the prime factors of 457900.
2, 5, 19, 241
List the prime factors of 6018886.
2, 3009443
What are the prime factors of 679886?
2, 339943
What are the prime factors of 5302130?
2, 5, 17, 31189
What are the prime factors of 2933102?
2, 1466551
List the prime factors of 240432.
2, 3, 5009
List the prime factors of 2073408.
2, 3, 10799
What are the prime factors of 638329?
41, 15569
List the prime factors of 63201.
3, 21067
What are the prime factors of 2902651?
53, 54767
List the prime factors of 278751.
3, 11, 8447
What are the prime factors of 422687?
331, 1277
What are the prime factors of 5363663?
193, 27791
What are the prime factors of 189146